 prime?
False
Is 20954531137 prime?
True
Is 3412595089 prime?
False
Is 72891029 a composite number?
False
Is 13307749667 a composite number?
False
Is 22394829707 prime?
True
Is 2508166223 prime?
False
Is 315003317 a composite number?
True
Is 50188498379 a prime number?
True
Is 1329116119 composite?
False
Is 11456616497 a prime number?
False
Is 43737253457 composite?
False
Is 6578406859 a composite number?
True
Is 5181412301 a composite number?
True
Is 2887824673 prime?
True
Is 4852424267 a composite number?
False
Is 9614799889 composite?
True
Is 25011081289 a composite number?
True
Is 1733196053 a prime number?
False
Is 31470549037 a prime number?
True
Is 1464420907 a prime number?
False
Is 167651823 prime?
False
Is 9340434947 prime?
True
Is 4073248783 a composite number?
False
Is 8447609573 prime?
False
Is 929101739 composite?
True
Is 1016951359 a composite number?
False
Is 1187844217 a composite number?
True
Is 1421915281 prime?
False
Is 2084699413 a prime number?
False
Is 49206921679 a composite number?
True
Is 18231246929 composite?
True
Is 3594318883 prime?
False
Is 18257357813 a composite number?
False
Is 702061709 a composite number?
True
Is 97218184457 a composite number?
False
Is 12494802007 a composite number?
False
Is 81336977 prime?
True
Is 9723591439 a prime number?
False
Is 5390635759 a prime number?
True
Is 166584311 composite?
True
Is 848510027 a prime number?
True
Is 987282403 a prime number?
False
Is 307888817 composite?
False
Is 2005475279 composite?
True
Is 4179843221 prime?
True
Is 1259718701 prime?
False
Is 8257748201 prime?
True
Is 1386254251 a composite number?
False
Is 11796021019 a prime number?
True
Is 8445167507 prime?
False
Is 79272046402 a prime number?
False
Is 4869162377 a prime number?
True
Is 221640589 composite?
False
Is 3188042003 prime?
True
Is 1142754699 a composite number?
True
Is 15020394853 composite?
False
Is 1607124133 a composite number?
True
Is 480028073 a composite number?
True
Is 496507787 composite?
True
Is 983418523 a composite number?
True
Is 2998461463 prime?
False
Is 1747914281 prime?
False
Is 23726120305 a prime number?
False
Is 596156671 a composite number?
True
Is 1462424213 composite?
True
Is 359971457 a composite number?
False
Is 157235535719 composite?
True
Is 41654250839 prime?
True
Is 1601167483 a composite number?
True
Is 165729105935 composite?
True
Is 421929782 composite?
True
Is 1896769219 prime?
False
Is 2884459919 a prime number?
False
Is 28197150715 composite?
True
Is 7629636137 prime?
True
Is 51734352953 prime?
True
Is 2502053579 a prime number?
False
Is 286857799079 a prime number?
True
Is 1723981769 composite?
False
Is 5663675663 prime?
False
Is 195969619 composite?
True
Is 798377597 a composite number?
False
Is 15485921527 prime?
True
Is 21862886849 prime?
True
Is 316450241 a composite number?
True
Is 10592283389 composite?
False
Is 1028560399 composite?
True
Is 427781 a composite number?
False
Is 96549721211 a composite number?
False
Is 876632389 prime?
False
Is 3299472886 a composite number?
True
Is 67875757321 a composite number?
False
Is 1158288503 a prime number?
False
Is 2228106547 a prime number?
False
Is 134739983 a composite number?
True
Is 1079253671 prime?
False
Is 1036712993 a composite number?
True
Is 45434713171 a composite number?
False
Is 19386575897 prime?
False
Is 1013858899 prime?
True
Is 4258273973 a composite number?
False
Is 3763291627 a composite number?
True
Is 177745601 composite?
True
Is 53059380965 a composite number?
True
Is 1148285191 a prime number?
True
Is 1415321357 a composite number?
False
Is 128027653426 a composite number?
True
Is 37971852311 composite?
False
Is 7144920845 a composite number?
True
Is 96459487 composite?
True
Is 310091736313 a prime number?
True
Is 13670297161 composite?
False
Is 2377838181 prime?
False
Is 1725161699 a composite number?
False
Is 820707905 prime?
False
Is 4385272649 a prime number?
True
Is 175276547 a composite number?
False
Is 2598221509 composite?
True
Is 165807479 composite?
True
Is 13331966693 a prime number?
False
Is 6650878649 composite?
True
Is 27752958553 a composite number?
False
Is 1654676021 composite?
False
Is 15964602779 a composite number?
False
Is 16772560157 prime?
False
Is 202373450437 a prime number?
False
Is 22707811549 prime?
False
Is 17507610307 a composite number?
True
Is 31965337853 composite?
False
Is 111756028771 a composite number?
False
Is 4411188211 a prime number?
False
Is 1434047651 composite?
True
Is 248222209 composite?
False
Is 2934742127 a composite number?
True
Is 46785992273 prime?
True
Is 59223244729 prime?
False
Is 1321831187 composite?
False
Is 59322394649 prime?
False
Is 125195727 prime?
False
Is 151939639 a prime number?
False
Is 52523450747 composite?
False
Is 14933444359 a composite number?
True
Is 121817701 prime?
True
Is 7393800959 prime?
True
Is 6723150883 prime?
True
Is 1756220393 prime?
True
Is 1000503211 composite?
True
Is 429749429 composite?
True
Is 369951797 prime?
False
Is 1239934937 prime?
False
Is 26813166061 a prime number?
False
Is 9871346227 a prime number?
False
Is 24907162207 composite?
False
Is 21315501577 composite?
True
Is 11358169289 a composite number?
False
Is 221994859 composite?
False
Is 52476581 prime?
False
Is 27751965277 a composite number?
False
Is 17552704297 a composite number?
False
Is 10120367549 a composite number?
True
Is 1165130231 a composite number?
True
Is 6282212689 composite?
True
Is 66980437231 a composite number?
True
Is 10246629093 composite?
True
Is 9196273705 a prime number?
False
Is 54609560311 a composite number?
False
Is 278713783 a composite number?
False
Is 15026585291 prime?
False
Is 2042346679 composite?
True
Is 114634454943 a prime number?
False
Is 811429423 a prime number?
False
Is 1865230603 a composite number?
False
Is 5574260651 a composite number?
True
Is 194472779 a prime number?
True
Is 264924203 prime?
True
Is 97289658733 composite?
True
Is 2792081883 a composite number?
True
Is 1311069493 a composite number?
False
Is 81788444011 prime?
True
Is 2393670891 composite?
True
Is 44126046427 composite?
False
Is 48393528349 composite?
False
Is 11494085969 a prime number?
True
Is 283019129 composite?
True
Is 7326409931 prime?
False
Is 527405239 prime?
False
Is 311141855285 prime?
False
Is 36635055287 prime?
False
Is 1665806939 composite?
True
Is 89542671791 composite?
False
Is 591080471 a composite number?
False
Is 1578951883 a composite number?
False
Is 267781993 prime?
False
Is 4228525673 composite?
True
Is 622406539 a prime number?
False
Is 1665639917 a prime number?
True
Is 11562371251 prime?
True
Is 5802883741 prime?
True
Is 112053521 prime?
False
Is 353926619 a composite number?
False
Is 282556523 a composite number?
False
Is 3150497299 a prime number?
True
Is 2536022023 composite?
False
Is 31178617819 composite?
False
Is 10697112359 a composite number?
False
Is 13554697139 a composite number?
False
Is 4201311391 prime?
True
Is 2592035681 a composite number?
True
Is 102121176109 a prime number?
False
Is 1026255977 composite?
False
Is 9329697983 a composite number?
False
Is 13604426947 composite?
False
Is 1403790523 a composite number?
True
Is 207002611 a composite number?
True
Is 56667530917 composite?
False
Is 434258029 composite?
False
Is 69766184031 a composite number?
True
Is 2389417259 composite?
True
Is 184552723 a prime number?
False
Is 583536647 a prime number?
True
Is 334500667 a prime number?
False
Is 1780552441 a composite number?
False
Is 28140269 a composite number?
False
Is 5455224923 composite?
False
Is 252321883 a composite number?
True
Is 21851945059 a prime number?
False
Is 739528331 a composite number?
False
Is 396710687 a prime number?
False
Is 230925011 a composite number?
True
Is 548727593 prime?
True
Is 34449959491 composite?
True
Is 70607637251 prime?
True
Is 2221309294 composite?
True
Is 762392341 composite?
False
Is 16050396821 prime?
True
Is 12619794955 a prime number?
False
Is 45542079023 prime?
False
Is 7601487557 composite?
True
Is 3858705803 a composite number?
False
Is 1843063643 a prime number?
False
Is 10018468763 prime?
True
Is 97847273989 a prime number?
True
Is 3469791461 composite?
True
Is 1788777203 a composite number?
False
Is 69049681 a composite number?
False
